(-30))?
8
Suppose v + 3 = -2*m, -4*m + m - 15 = 0. What is the units digit of v?
7
Let o be -15*3*(-1)/(-9). Let m = o + 2. Let w = m - -6. What is the units digit of w?
3
Let o = -88 + 210. What is the tens digit of o?
2
Let z(x) = -x**3 - 16*x**2 - 18*x + 9. What is the units digit of z(-15)?
4
What is the units digit of (24/(-20))/((-21)/980)?
6
Let k = 162 + -58. What is the units digit of k?
4
Let r(b) = b**3 - 6*b**2 + 5*b + 2. Let f be r(5). Suppose -f*s = -5*s - 9, -2*v - 5*s = -15. What is the tens digit of v?
1
What is the units digit of (-1)/(-5) - ((-192)/10)/4?
5
Let b(o) = 12*o**2 + 3*o + 2. Let l(v) = -v**2 - v. Let t(w) = b(w) + 6*l(w). What is the units digit of t(2)?
0
Let v(s) = -s + 2. Let l be v(-3). Suppose l*z + 7 = 22. What is the units digit of z?
3
Suppose 3*l = 7*h - 2*h + 70, -3*l - 4*h = -25. Suppose -17*r + l*r + 66 = 0. What is the tens digit of r?
3
Let x(a) = 3*a**3 + a**2 + a. Suppose 0 = z - 3*z - 2. Let c be x(z). What is the units digit of (-1)/(-3)*(c - -12)?
3
Suppose 0 = -2*n - 2*z - 4, -5 = -5*n + 4*z + 12. Let s be (n - 1 - -1)*5. Suppose u = 4*u + 3*r - 15, -4*u - s*r + 22 = 0. What is the units digit of u?
3
Let o(t) = t**3 - 11*t**2 + 3. Let m be o(11). Suppose m*n = 3*x - 90, 5*n - 25 = x - 3*x. What is the units digit of x?
5
Let z(m) be the second derivative of m**5/20 + m**4/12 - 3*m**2/2 + 2*m. Let a be z(0). Let c = 9 - a. What is the units digit of c?
2
Let i(m) = 2*m + 3. Let w be i(-4). Let y = -4 - w. What is the units digit of -2 - -2*4 - y?
5
Let g = 11 - 8. Suppose s + 2 = g*s. What is the units digit of s?
1
Let g(m) = m**3 - 12*m**2 + 3*m - 12. Let f be g(12). Let t be -1 - -2 - 4 - 2. Let a = f + t. What is the tens digit of a?
1
Suppose -2*y + 2 = 0, 0 = -3*p - 2*y + 7 + 13. Suppose -p*j = -j + 15. Let t = j - -4. What is the units digit of t?
1
Let r(h) = -h + 38. What is the tens digit of r(14)?
2
Suppose m = 5 - 0. Suppose 3*x + 6 = 0, m*u + 61 - 211 = 5*x. What is the tens digit of u?
2
What is the units digit of (3/3)/(3/225) + 2?
7
Suppose 0 = -5*y + 4*y + 70. What is the units digit of y?
0
Suppose -5*q - 6 = -3*d, 4 = 2*d - 2*q - 0*q. Suppose -n + d*n = 5. What is the units digit of n?
5
Let j(b) = b**3 - 5*b**2 - 7*b + 9. Let m be j(6). Let l be (-2)/3*-29 + (-12)/(-18). Suppose -d + l = m*d. What is the units digit of d?
5
Suppose 9 = 2*h - 5*h, -5*o + 3*h = -84. Suppose o = 4*l + l. Suppose -16 = f - l*f. What is the units digit of f?
8
Let i(s) = 4*s. Suppose -4 = h - 2*h. What is the units digit of i(h)?
6
Suppose 4*r = 2*r + 6. Let z(k) = 3*k**2 - 5*k + 2. What is the units digit of z(r)?
4
Let m(u) = -14*u**3 + u. What is the units digit of m(-1)?
3
Suppose 3*m = 8*m. Let a = m - -14. What is the units digit of a?
4
Let x(o) = -o**2 + 6*o - 4. Let y be x(3). Let z = y + -6. What is the units digit of 7 + (0 + -1 - z)?
7
Let c = 52 - -314. What is the hundreds digit of c?
3
Let l(a) = -44*a - 2. What is the units digit of l(-4)?
4
What is the units digit of ((-9)/5)/(8/(-80))?
8
Let z(h) = -3*h**2 + 19*h - 4. Let p(t) = -2*t**2 + 13*t - 3. Let d(g) = 2*g - 7. Let m be d(6). Let w(x) = m*z(x) - 7*p(x). What is the units digit of w(4)?
1
Suppose 504 = 6*v - 78. What is the tens digit of v?
9
Suppose 0 = -2*j + 5*b - 6 + 65, 142 = 4*j - 2*b. Suppose -5*h - 13 = j. What is the units digit of 1/5 + (-8)/h?
1
Let x(s) = -s + 12. Let b be x(8). Let w be 17 - b - (0 - -1). Suppose 2*k = -4 + w. What is the units digit of k?
4
Suppose 0 = -3*n + 32 + 16. What is the tens digit of n?
1
Let j = 54 + -25. What is the units digit of j?
9
Let p(z) = 2*z - 12. Let y be -1 - -2 - (-18)/6. Let s be y/(1/(-2)*-1). What is the units digit of p(s)?
4
Suppose 4*w = -0*w + 20. Suppose w*r - 65 = -0*r. What is the tens digit of r?
1
Suppose -5*q + 298 = -67. What is the tens digit of q?
7
Suppose 6*g - 126 = 3*g. What is the units digit of g?
2
Let z(o) = -74*o + 23. What is the tens digit of z(-3)?
4
Suppose 0 = 3*o + 2*o + 435. What is the tens digit of o*(-3)/(-18)*-2?
2
Suppose -3*h - 13 = -94. What is the tens digit of h?
2
Suppose -i = 4*m + 4*i + 64, 43 = -5*m + 3*i. Let z = m - -26. What is the units digit of z?
5
Let u = 3 + 0. Suppose 168 = u*r - q + 4*q, -2*q = 5*r - 292. Suppose 4*w + w = r. What is the tens digit of w?
1
Let g(d) = d**3 + 11*d**2 + 13*d - 9. What is the tens digit of g(-6)?
9
What is the units digit of 2 + (0 - 0) + 13?
5
Let o(i) = 2*i**2 + 2*i - 1. Let q = 7 + -10. What is the units digit of o(q)?
1
Let q(l) = 21*l**2 + 10*l - 4. What is the units digit of q(4)?
2
Let p(o) = -5*o - 1. Let q be p(-1). Suppose 0 = -5*m + q*f + 9, -2*m + 11 + 19 = 5*f. Suppose -3*b + 35 - m = 0. What is the tens digit of b?
1
Let h(x) = -x**3 - 27*x**2 + 16*x - 15. What is the hundreds digit of h(-28)?
3
Suppose -4*u = -0*u - 80. What is the tens digit of u?
2
Let f be (-9*1)/1 + 1. What is the tens digit of 48/(-9)*18/f?
1
Suppose 2*c - 4*c = -4. Let z be (-1 + c - 0)*5. Suppose -v = -z*t + 4*v - 5, -2 = 5*t - 4*v. What is the units digit of t?
2
Let d = -112 + 79. Let b = 53 + d. What is the tens digit of b?
2
Let j be 3/2*(-1 - -3). Suppose -s + 2*q = j, 0*q + 9 = 3*q. Suppose s*l + 5 = -v + 2, 0 = -4*v - 3*l + 6. What is the units digit of v?
3
Let p(d) = d**2 + d - 4. Suppose 0 = -q + 2*c + 3, q + 2*c = -0*q - 9. Let i be p(q). Let m(v) = v**3 - 2*v**2 + 2*v + 1. What is the units digit of m(i)?
5
Let p(a) = -a**3 + 6*a**2 - 7*a + 6. Let h be (-1 - -4) + (2 - 1). What is the units digit of p(h)?
0
Let x(c) = -c**3 - 8*c**2 - 10*c - 4. Let n be (30/9)/(2/(-6)). Let l = 3 + n. What is the units digit of x(l)?
7
Let q be (1 + 0)/(3/21). Suppose -2*d + 5*v - 10 = 0, -4*d + q*d + 10 = 5*v. Suppose -3*c + z + 26 = d, -60 - 2 = -5*c - 3*z. What is the units digit of c?
0
Suppose -a + 5*a = -5*o + 32, 0 = -5*o - 3*a + 29. Suppose -w + 25 = o*w. Suppose w*v - 45 = -0*v. What is the units digit of v?
9
Suppose h + 4*s = -14, 0*h = -3*h - s - 20. What is the units digit of h*(-1)/4*12?
8
What is the tens digit of 35 - (2 + (-3 - -2))?
3
Let a(u) = -u**3 - 15*u**2 - 10*u - 19. What is the hundreds digit of a(-15)?
1
Suppose -4*x - 17 = 19. What is the tens digit of 6/(-27) - 92/x?
1
Let v(n) = -n**2 - 2*n + 12. Let r = 16 - 16. What is the units digit of v(r)?
2
Let d = -17 - -10. Let t(f) = -f**2 - 7*f + 8. What is the units digit of t(d)?
8
Suppose -5*l - 124 - 196 = 0. Let x = -40 - l. What is the tens digit of x?
2
Suppose 4*q - 5*z - 60 = 0, 3*q - 1 - 37 = 2*z. Let h = q - 2. What is the units digit of h?
8
Let p(m) = -m**2 - 9*m + 4. Let s(t) = t + 1. Let i be s(-8). What is the tens digit of p(i)?
1
Let g(v) = -5*v - 2. What is the units digit of g(-11)?
3
Let g(t) = t**3 + 5*t**2 + 3*t. Let x be g(-2). What is the tens digit of (-51)/x*(4 + -6)?
1
Let u(r) = 13*r**3 - 2*r + 1. Let t(g) = -2*g**3 - 1. Let x be t(-1). Let q be u(x). Suppose 4*y - q = d, -d + 2 = -2. What is the units digit of y?
4
Suppose -3*p - u + 16 = -0*u, 16 = p + 3*u. What is the units digit of p?
4
Suppose 0 = y - 5*y + 40. Suppose 0 = v + v + y. What is the units digit of (-2)/v - (-16)/10?
2
Suppose -2*y = -3*d + 170, -18 - 37 = -d - y. What is the tens digit of d?
5
Let m be (36/8)/((-1)/(-2)). What is the units digit of (8/(-12))/((-2)/m)?
3
Let c(x) = -15*x - 3. What is the units digit of c(-3)?
2
Suppose -3*y + a = 54, 0 = -3*y - 0*y + 4*a - 63. Let m = -8 - y. What is the units digit of m?
9
Suppose 0*a - 4*a = -12. What is the tens digit of a*(-26)/(-6) - 1?
1
Let r be -6*(-3)/(-8)*4. Suppose 3*h - 2*t = -7*t + 35, 5*t - 25 = -h. Let y = h - r. What is the tens digit of y?
1
Let p = -110 - -24. Let v = -47 - p. What is the tens digit of v?
3
Suppose 2 = w - 3. Let j = w - -5. What is the tens digit of j?
1
Let x(n) = -5*n + 16. What is the units digit of x(-10)?
6
Let j(w) = w**2 + w + 4. Let y be j(-3). Suppose y = k - 4*i, 0*i - 31 = -k - 3*i. Suppose -t - k = -3*s - s, -2*s - 5*t = 0. What is the units digit of s?
5
Let k(j) = -4*j**2 + 2*j + 2. Let b(i) = -5 + 5 - i. Let n(w) = -4*b(w) - k(w). What is the tens digit of n(-2)?
1
Suppose 2*m = 5*l + 153, -l = -2*m + 2*l + 143. What is the tens digit of m?
6
Let p(x) be the first derivative of -x**4/4 + x**3 + 3*x**2/2 + 4*x - 2. Let k be p(4)